52.81.121.119 - - [07/Jun/2026:21:53:04 +0200] "GET /wp-content/themes/generatepress/assets/js/back-to-top.min.js?ver=3.6.1 HTTP/2.0" 200 336 "https://piacenza.elettroservicegroup.it/assistenza-candy-piacenza/" "Mozilla/5.0 (Linux; Android 5.0; SM-G900P Build/LRX21T) AppleWebKit/537.36 (KHTML, like Gecko) Chrome/40.0.1723.1908 Mobile Safari/537.36"
52.81.121.119 - - [07/Jun/2026:21:53:04 +0200] "GET /wp-content/plugins/elementor/assets/js/frontend.min.js?ver=4.1.1 HTTP/2.0" 200 10140 "https://piacenza.elettroservicegroup.it/assistenza-candy-piacenza/" "Mozilla/5.0 (Linux; Android 5.0; SM-G900P Build/LRX21T) AppleWebKit/537.36 (KHTML, like Gecko) Chrome/40.0.1723.1908 Mobile Safari/537.36"
52.81.121.119 - - [07/Jun/2026:21:53:04 +0200] "GET /wp-content/plugins/complianz-gdpr-premium/cookiebanner/js/complianz.min.js?ver=1780326249 HTTP/2.0" 200 10708 "https://piacenza.elettroservicegroup.it/assistenza-candy-piacenza/" "Mozilla/5.0 (Linux; Android 5.0; SM-G900P Build/LRX21T) AppleWebKit/537.36 (KHTML, like Gecko) Chrome/40.0.1723.1908 Mobile Safari/537.36"
65.108.235.243 - - [07/Jun/2026:21:53:14 +0200] "POST /wp-cron.php?doing_wp_cron=1780861994.1098620891571044921875 HTTP/1.1" 200 1 "-" "WordPress/7.0; https://piacenza.elettroservicegroup.it"
52.81.121.119 - - [07/Jun/2026:21:53:04 +0200] "GET /wp-json/complianz/v1/banner?lang=it&locale=it_IT&token=qpybl HTTP/2.0" 200 - "https://piacenza.elettroservicegroup.it/assistenza-candy-piacenza/" "Mozilla/5.0 (Linux; Android 5.0; SM-G900P Build/LRX21T) AppleWebKit/537.36 (KHTML, like Gecko) Chrome/40.0.1723.1908 Mobile Safari/537.36"
65.108.235.243 - - [07/Jun/2026:21:53:15 +0200] "GET /assistenza-lavastoviglie-ariston-piacenza/ HTTP/1.1" 200 21970 "-" "WP Fastest Cache Preload Bot"
65.108.235.243 - - [07/Jun/2026:21:53:16 +0200] "GET /assistenza-lavastoviglie-aeg-piacenza/ HTTP/1.1" 200 22032 "-" "WP Fastest Cache Preload Bot"
65.108.235.243 - - [07/Jun/2026:21:53:16 +0200] "GET /assistenza-lavastoviglie-piacenza/ HTTP/1.1" 200 21646 "-" "WP Fastest Cache Preload Bot"
65.108.235.243 - - [07/Jun/2026:21:53:17 +0200] "GET /assistenza-indesit-piacenza/ HTTP/1.1" 200 21690 "-" "WP Fastest Cache Preload Bot"
20.169.73.47 - - [07/Jun/2026:23:00:40 +0200] "GET /logo-rex-electrolux/ HTTP/2.0" 200 - "-" "Mozilla/5.0 AppleWebKit/537.36 (KHTML, like Gecko); compatible; ChatGPT-User/1.0; +https://openai.com/bot"
65.108.235.243 - - [07/Jun/2026:23:01:00 +0200] "POST /wp-cron.php?doing_wp_cron=1780866060.3829979896545410156250 HTTP/1.1" 200 1 "-" "WordPress/7.0; https://piacenza.elettroservicegroup.it"
20.169.73.42 - - [07/Jun/2026:23:00:38 +0200] "GET /logo-rex-electrolux/ HTTP/2.0" 200 - "-" "Mozilla/5.0 AppleWebKit/537.36 (KHTML, like Gecko); compatible; ChatGPT-User/1.0; +https://openai.com/bot"
74.7.229.116 - - [07/Jun/2026:23:01:06 +0200] "GET /logo-rex-electrolux/ HTTP/2.0" 415 17069 "-" "Mozilla/5.0 (Macintosh; Intel Mac OS X 10_15_7) AppleWebKit/537.36 (KHTML, like Gecko) Chrome/131.0.0.0 Safari/537.36; compatible; OAI-SearchBot/1.4; +https://openai.com/searchbot"
74.7.228.18 - - [07/Jun/2026:23:01:06 +0200] "GET /robots.txt HTTP/2.0" 200 108 "-" "Mozilla/5.0 (Macintosh; Intel Mac OS X 10_15_7) AppleWebKit/537.36 (KHTML, like Gecko) Chrome/131.0.0.0 Safari/537.36; compatible; OAI-SearchBot/1.4; robots.txt; +https://openai.com/searchbot"
65.108.235.243 - - [07/Jun/2026:23:01:04 +0200] "GET /assistenza-candy-piacenza/ HTTP/1.1" 200 21788 "-" "WP Fastest Cache Preload Bot"
65.108.235.243 - - [07/Jun/2026:23:01:08 +0200] "GET /assistenza-bosch-piacenza/ HTTP/1.1" 200 21789 "-" "WP Fastest Cache Preload Bot"
65.108.235.243 - - [07/Jun/2026:23:01:14 +0200] "GET /assistenza-ariston-piacenza/ HTTP/1.1" 200 21774 "-" "WP Fastest Cache Preload Bot"
65.108.235.243 - - [07/Jun/2026:23:01:20 +0200] "GET /assistenza-aeg-piacenza/ HTTP/1.1" 200 21781 "-" "WP Fastest Cache Preload Bot"
65.108.235.243 - - [07/Jun/2026:23:31:37 +0200] "POST /wp-cron.php?doing_wp_cron=1780867897.8826179504394531250000 HTTP/1.1" 200 1 "-" "WordPress/7.0; https://piacenza.elettroservicegroup.it"
40.77.167.77 - - [07/Jun/2026:23:31:31 +0200] "GET /sitemap.xml HTTP/2.0" 200 333 "-" "Mozilla/5.0 AppleWebKit/537.36 (KHTML, like Gecko; compatible; bingbot/2.0; +http://www.bing.com/bingbot.htm) Chrome/116.0.1938.76 Safari/537.36"
65.108.235.243 - - [07/Jun/2026:23:31:44 +0200] "GET /cookie-policy/ HTTP/1.1" 200 17914 "-" "WP Fastest Cache Preload Bot"
65.108.235.243 - - [07/Jun/2026:23:31:45 +0200] "GET /termini-e-condizioni/ HTTP/1.1" 200 17470 "-" "WP Fastest Cache Preload Bot"
65.108.235.243 - - [07/Jun/2026:23:31:46 +0200] "GET /cookie-policy-ue/ HTTP/1.1" 200 19438 "-" "WP Fastest Cache Preload Bot"
65.108.235.243 - - [07/Jun/2026:23:31:46 +0200] "GET /informativa-privacy/ HTTP/1.1" 200 19714 "-" "WP Fastest Cache Preload Bot"
65.108.235.243 - - [07/Jun/2026:23:51:16 +0200] "POST /wp-cron.php?doing_wp_cron=1780869076.0359339714050292968750 HTTP/1.1" 200 1 "-" "WordPress/7.0; https://piacenza.elettroservicegroup.it"
104.210.140.142 - - [07/Jun/2026:23:51:14 +0200] "GET /robots.txt HTTP/2.0" 200 108 "-" "Mozilla/5.0 (Macintosh; Intel Mac OS X 10_15_7) AppleWebKit/537.36 (KHTML, like Gecko) Chrome/131.0.0.0 Safari/537.36; compatible; OAI-SearchBot/1.0; +https://openai.com/searchbot"
65.108.235.243 - - [07/Jun/2026:23:51:16 +0200] "GET /assistenza-frigoriferi/ HTTP/1.1" 200 19780 "-" "WP Fastest Cache Preload Bot"
65.108.235.243 - - [07/Jun/2026:23:51:17 +0200] "GET /assistenza-lavastoviglie/ HTTP/1.1" 200 19839 "-" "WP Fastest Cache Preload Bot"
65.108.235.243 - - [07/Jun/2026:23:51:17 +0200] "GET /assistenza-asciugatrici/ HTTP/1.1" 200 19593 "-" "WP Fastest Cache Preload Bot"
65.108.235.243 - - [07/Jun/2026:23:51:18 +0200] "GET /assistenza-lavatrici/ HTTP/1.1" 200 19337 "-" "WP Fastest Cache Preload Bot"
94.103.84.74 - - [08/Jun/2026:00:29:53 +0200] "GET /wp-login.php HTTP/2.0" 200 11858 "-" "Mozilla/5.0 (Windows NT 10.0; Win64; x64) AppleWebKit/537.36 (KHTML, like Gecko) Chrome/124.0.0.0 Safari/537.36"
94.103.84.74 - - [08/Jun/2026:00:29:55 +0200] "POST /xmlrpc.php HTTP/2.0" 200 11779 "-" "Mozilla/5.0 (Windows NT 10.0; Win64; x64; rv:133.0) Gecko/20100101 Firefox/133.0"
107.158.19.140 - - [08/Jun/2026:00:29:57 +0200] "POST /xmlrpc.php HTTP/2.0" 200 11821 "-" "Mozilla/5.0 (Windows NT 10.0; Win64; x64) AppleWebKit/537.36 (KHTML, like Gecko) Chrome/124.0.0.0 Safari/537.36"
77.90.154.207 - - [08/Jun/2026:00:29:59 +0200] "POST /xmlrpc.php HTTP/2.0" 200 11865 "-" "Mozilla/5.0 (Macintosh; Intel Mac OS X 10_15_7) AppleWebKit/605.1.15 (KHTML, like Gecko) Version/18.0 Safari/605.1.15"
107.158.92.70 - - [08/Jun/2026:00:30:01 +0200] "POST /xmlrpc.php HTTP/2.0" 200 11876 "-" "Mozilla/5.0 (Windows NT 10.0; Win64; x64; rv:133.0) Gecko/20100101 Firefox/133.0"
77.107.81.29 - - [08/Jun/2026:00:30:03 +0200] "POST /xmlrpc.php HTTP/2.0" 200 11740 "-" "Mozilla/5.0 (Windows NT 10.0; Win64; x64) AppleWebKit/537.36 (KHTML, like Gecko) Chrome/124.0.0.0 Safari/537.36"
38.101.116.74 - - [08/Jun/2026:00:30:05 +0200] "POST /xmlrpc.php HTTP/2.0" 200 11781 "-" "Mozilla/5.0 (Windows NT 10.0; Win64; x64; rv:133.0) Gecko/20100101 Firefox/133.0"
107.158.19.197 - - [08/Jun/2026:00:30:08 +0200] "POST /xmlrpc.php HTTP/2.0" 200 11836 "-" "Mozilla/5.0 (Windows NT 10.0; Win64; x64; rv:133.0) Gecko/20100101 Firefox/133.0"
185.230.14.227 - - [08/Jun/2026:00:30:11 +0200] "POST /xmlrpc.php HTTP/2.0" 200 11811 "-" "Mozilla/5.0 (Windows NT 10.0; Win64; x64) AppleWebKit/537.36 (KHTML, like Gecko) Chrome/124.0.0.0 Safari/537.36"
185.230.14.112 - - [08/Jun/2026:00:30:14 +0200] "POST /xmlrpc.php HTTP/2.0" 200 11840 "-" "Mozilla/5.0 (Windows NT 10.0; Win64; x64; rv:133.0) Gecko/20100101 Firefox/133.0"
205.164.115.67 - - [08/Jun/2026:00:30:15 +0200] "POST /xmlrpc.php HTTP/2.0" 200 11796 "-" "Mozilla/5.0 (Windows NT 10.0; Win64; x64) AppleWebKit/537.36 (KHTML, like Gecko) Chrome/124.0.0.0 Safari/537.36"
205.164.115.118 - - [08/Jun/2026:00:30:17 +0200] "POST /xmlrpc.php HTTP/2.0" 200 11820 "-" "Mozilla/5.0 (Windows NT 10.0; Win64; x64) AppleWebKit/537.36 (KHTML, like Gecko) Chrome/124.0.0.0 Safari/537.36"
94.103.84.74 - - [08/Jun/2026:00:30:19 +0200] "GET /wp-login.php HTTP/2.0" 200 11723 "-" "Mozilla/5.0 (Windows NT 10.0; Win64; x64) AppleWebKit/537.36 (KHTML, like Gecko) Chrome/124.0.0.0 Safari/537.36"
77.90.154.97 - - [08/Jun/2026:00:30:20 +0200] "GET /wp-login.php HTTP/2.0" 200 11792 "-" "Mozilla/5.0 (Macintosh; Intel Mac OS X 10_15_7) AppleWebKit/605.1.15 (KHTML, like Gecko) Version/18.0 Safari/605.1.15"
75.75.254.247 - - [08/Jun/2026:00:30:22 +0200] "GET /wp-login.php HTTP/2.0" 200 11883 "-" "Mozilla/5.0 (Windows NT 10.0; Win64; x64; rv:133.0) Gecko/20100101 Firefox/133.0"
77.90.154.207 - - [08/Jun/2026:00:30:24 +0200] "GET /wp-login.php HTTP/2.0" 200 11801 "-" "Mozilla/5.0 (Windows NT 10.0; Win64; x64) AppleWebKit/537.36 (KHTML, like Gecko) Chrome/124.0.0.0 Safari/537.36"
107.158.92.45 - - [08/Jun/2026:00:30:26 +0200] "GET /wp-login.php HTTP/2.0" 200 11828 "-" "Mozilla/5.0 (Macintosh; Intel Mac OS X 10_15_7) AppleWebKit/605.1.15 (KHTML, like Gecko) Version/18.0 Safari/605.1.15"
161.123.5.72 - - [08/Jun/2026:00:30:28 +0200] "GET /wp-login.php HTTP/2.0" 200 11742 "-" "Mozilla/5.0 (Windows NT 10.0; Win64; x64; rv:133.0) Gecko/20100101 Firefox/133.0"
107.158.19.26 - - [08/Jun/2026:00:30:30 +0200] "GET /wp-login.php HTTP/2.0" 200 11801 "-" "Mozilla/5.0 (Windows NT 10.0; Win64; x64) AppleWebKit/537.36 (KHTML, like Gecko) Chrome/124.0.0.0 Safari/537.36"
207.228.202.188 - - [08/Jun/2026:00:30:33 +0200] "GET /wp-login.php HTTP/2.0" 200 11858 "-" "Mozilla/5.0 (Windows NT 10.0; Win64; x64) AppleWebKit/537.36 (KHTML, like Gecko) Chrome/124.0.0.0 Safari/537.36"
130.117.139.62 - - [08/Jun/2026:00:30:36 +0200] "GET /wp-login.php HTTP/2.0" 200 11790 "-" "Mozilla/5.0 (Macintosh; Intel Mac OS X 10_15_7) AppleWebKit/605.1.15 (KHTML, like Gecko) Version/18.0 Safari/605.1.15"
77.107.81.29 - - [08/Jun/2026:00:30:36 +0200] "GET /wp-login.php HTTP/2.0" 200 11853 "-" "Mozilla/5.0 (Windows NT 10.0; Win64; x64; rv:133.0) Gecko/20100101 Firefox/133.0"
107.158.92.70 - - [08/Jun/2026:00:30:38 +0200] "GET /wp-login.php HTTP/2.0" 200 11803 "-" "Mozilla/5.0 (Macintosh; Intel Mac OS X 10_15_7) AppleWebKit/605.1.15 (KHTML, like Gecko) Version/18.0 Safari/605.1.15"
66.253.7.250 - - [08/Jun/2026:00:30:41 +0200] "GET /wp-login.php HTTP/2.0" 200 11694 "-" "Mozilla/5.0 (Windows NT 10.0; Win64; x64; rv:133.0) Gecko/20100101 Firefox/133.0"
207.228.203.76 - - [08/Jun/2026:00:30:43 +0200] "GET /wp-login.php HTTP/2.0" 200 11827 "-" "Mozilla/5.0 (Windows NT 10.0; Win64; x64) AppleWebKit/537.36 (KHTML, like Gecko) Chrome/124.0.0.0 Safari/537.36"
185.230.14.48 - - [08/Jun/2026:00:30:47 +0200] "GET /wp-login.php HTTP/2.0" 200 11827 "-" "Mozilla/5.0 (Macintosh; Intel Mac OS X 10_15_7) AppleWebKit/605.1.15 (KHTML, like Gecko) Version/18.0 Safari/605.1.15"
206.206.91.192 - - [08/Jun/2026:00:30:49 +0200] "GET /wp-login.php HTTP/2.0" 200 11686 "-" "Mozilla/5.0 (Windows NT 10.0; Win64; x64) AppleWebKit/537.36 (KHTML, like Gecko) Chrome/124.0.0.0 Safari/537.36"
207.228.201.60 - - [08/Jun/2026:00:30:52 +0200] "GET /wp-login.php HTTP/2.0" 200 11777 "-" "Mozilla/5.0 (Macintosh; Intel Mac OS X 10_15_7) AppleWebKit/605.1.15 (KHTML, like Gecko) Version/18.0 Safari/605.1.15"
185.230.14.159 - - [08/Jun/2026:00:30:55 +0200] "GET /wp-login.php HTTP/2.0" 200 11787 "-" "Mozilla/5.0 (Macintosh; Intel Mac OS X 10_15_7) AppleWebKit/605.1.15 (KHTML, like Gecko) Version/18.0 Safari/605.1.15"
185.230.14.208 - - [08/Jun/2026:00:30:57 +0200] "GET /wp-login.php HTTP/2.0" 200 11837 "-" "Mozilla/5.0 (Macintosh; Intel Mac OS X 10_15_7) AppleWebKit/605.1.15 (KHTML, like Gecko) Version/18.0 Safari/605.1.15"
207.228.200.97 - - [08/Jun/2026:00:31:00 +0200] "GET /wp-login.php HTTP/2.0" 200 11828 "-" "Mozilla/5.0 (Macintosh; Intel Mac OS X 10_15_7) AppleWebKit/605.1.15 (KHTML, like Gecko) Version/18.0 Safari/605.1.15"
204.77.129.215 - - [08/Jun/2026:00:31:02 +0200] "GET /wp-login.php HTTP/2.0" 200 11757 "-" "Mozilla/5.0 (Macintosh; Intel Mac OS X 10_15_7) AppleWebKit/605.1.15 (KHTML, like Gecko) Version/18.0 Safari/605.1.15"
94.103.84.74 - - [08/Jun/2026:00:31:03 +0200] "GET /wp-login.php HTTP/2.0" 200 11792 "-" "Mozilla/5.0 (Macintosh; Intel Mac OS X 10_15_7) AppleWebKit/605.1.15 (KHTML, like Gecko) Version/18.0 Safari/605.1.15"
204.77.129.215 - - [08/Jun/2026:00:31:05 +0200] "GET /wp-login.php HTTP/2.0" 200 11776 "-" "Mozilla/5.0 (Windows NT 10.0; Win64; x64; rv:133.0) Gecko/20100101 Firefox/133.0"
86.53.89.18 - - [08/Jun/2026:00:31:06 +0200] "GET /wp-login.php HTTP/2.0" 200 11807 "-" "Mozilla/5.0 (Windows NT 10.0; Win64; x64) AppleWebKit/537.36 (KHTML, like Gecko) Chrome/124.0.0.0 Safari/537.36"
130.117.139.62 - - [08/Jun/2026:00:31:08 +0200] "GET /wp-login.php HTTP/2.0" 200 11848 "-" "Mozilla/5.0 (Macintosh; Intel Mac OS X 10_15_7) AppleWebKit/605.1.15 (KHTML, like Gecko) Version/18.0 Safari/605.1.15"
205.164.115.67 - - [08/Jun/2026:00:31:10 +0200] "GET /wp-login.php HTTP/2.0" 200 11801 "-" "Mozilla/5.0 (Macintosh; Intel Mac OS X 10_15_7) AppleWebKit/605.1.15 (KHTML, like Gecko) Version/18.0 Safari/605.1.15"
206.206.91.192 - - [08/Jun/2026:00:31:13 +0200] "GET /wp-login.php HTTP/2.0" 200 11777 "-" "Mozilla/5.0 (Windows NT 10.0; Win64; x64; rv:133.0) Gecko/20100101 Firefox/133.0"
104.233.16.21 - - [08/Jun/2026:00:31:14 +0200] "GET /wp-login.php HTTP/2.0" 200 11832 "-" "Mozilla/5.0 (Windows NT 10.0; Win64; x64) AppleWebKit/537.36 (KHTML, like Gecko) Chrome/124.0.0.0 Safari/537.36"
204.77.129.251 - - [08/Jun/2026:00:31:16 +0200] "GET /wp-login.php HTTP/2.0" 200 11792 "-" "Mozilla/5.0 (Macintosh; Intel Mac OS X 10_15_7) AppleWebKit/605.1.15 (KHTML, like Gecko) Version/18.0 Safari/605.1.15"
204.77.129.230 - - [08/Jun/2026:00:31:18 +0200] "GET /wp-login.php HTTP/2.0" 200 11888 "-" "Mozilla/5.0 (Windows NT 10.0; Win64; x64) AppleWebKit/537.36 (KHTML, like Gecko) Chrome/124.0.0.0 Safari/537.36"
207.228.201.42 - - [08/Jun/2026:00:31:21 +0200] "GET /wp-login.php HTTP/2.0" 200 11797 "-" "Mozilla/5.0 (Windows NT 10.0; Win64; x64; rv:133.0) Gecko/20100101 Firefox/133.0"
104.234.48.135 - - [08/Jun/2026:00:31:24 +0200] "GET /wp-login.php HTTP/2.0" 200 11761 "-" "Mozilla/5.0 (Windows NT 10.0; Win64; x64; rv:133.0) Gecko/20100101 Firefox/133.0"
130.117.139.193 - - [08/Jun/2026:00:31:26 +0200] "GET /wp-login.php HTTP/2.0" 200 11892 "-" "Mozilla/5.0 (Windows NT 10.0; Win64; x64; rv:133.0) Gecko/20100101 Firefox/133.0"
77.90.154.117 - - [08/Jun/2026:00:31:26 +0200] "GET /wp-login.php HTTP/2.0" 200 11772 "-" "Mozilla/5.0 (Windows NT 10.0; Win64; x64; rv:133.0) Gecko/20100101 Firefox/133.0"
75.75.255.233 - - [08/Jun/2026:00:31:28 +0200] "GET /wp-login.php HTTP/2.0" 200 11848 "-" "Mozilla/5.0 (Windows NT 10.0; Win64; x64) AppleWebKit/537.36 (KHTML, like Gecko) Chrome/124.0.0.0 Safari/537.36"
104.234.48.242 - - [08/Jun/2026:00:31:30 +0200] "GET /wp-login.php HTTP/2.0" 200 11868 "-" "Mozilla/5.0 (Macintosh; Intel Mac OS X 10_15_7) AppleWebKit/605.1.15 (KHTML, like Gecko) Version/18.0 Safari/605.1.15"
104.234.48.109 - - [08/Jun/2026:00:31:32 +0200] "GET /wp-login.php HTTP/2.0" 200 11793 "-" "Mozilla/5.0 (Macintosh; Intel Mac OS X 10_15_7) AppleWebKit/605.1.15 (KHTML, like Gecko) Version/18.0 Safari/605.1.15"
161.123.5.72 - - [08/Jun/2026:00:31:35 +0200] "GET /wp-login.php HTTP/2.0" 200 11807 "-" "Mozilla/5.0 (Macintosh; Intel Mac OS X 10_15_7) AppleWebKit/605.1.15 (KHTML, like Gecko) Version/18.0 Safari/605.1.15"
107.158.92.23 - - [08/Jun/2026:00:31:40 +0200] "GET /wp-login.php HTTP/2.0" 200 11725 "-" "Mozilla/5.0 (Macintosh; Intel Mac OS X 10_15_7) AppleWebKit/605.1.15 (KHTML, like Gecko) Version/18.0 Safari/605.1.15"
107.158.93.76 - - [08/Jun/2026:00:31:42 +0200] "GET /wp-login.php HTTP/2.0" 200 11751 "-" "Mozilla/5.0 (Windows NT 10.0; Win64; x64; rv:133.0) Gecko/20100101 Firefox/133.0"
185.230.14.163 - - [08/Jun/2026:00:31:43 +0200] "GET /wp-login.php HTTP/2.0" 200 11798 "-" "Mozilla/5.0 (Windows NT 10.0; Win64; x64) AppleWebKit/537.36 (KHTML, like Gecko) Chrome/124.0.0.0 Safari/537.36"
38.75.196.151 - - [08/Jun/2026:00:31:47 +0200] "GET /wp-login.php HTTP/2.0" 200 11892 "-" "Mozilla/5.0 (Windows NT 10.0; Win64; x64) AppleWebKit/537.36 (KHTML, like Gecko) Chrome/124.0.0.0 Safari/537.36"
94.103.84.74 - - [08/Jun/2026:00:31:49 +0200] "GET /wp-login.php HTTP/2.0" 200 11770 "-" "Mozilla/5.0 (Macintosh; Intel Mac OS X 10_15_7) AppleWebKit/605.1.15 (KHTML, like Gecko) Version/18.0 Safari/605.1.15"
185.230.14.159 - - [08/Jun/2026:00:31:52 +0200] "GET /wp-login.php HTTP/2.0" 200 11816 "-" "Mozilla/5.0 (Windows NT 10.0; Win64; x64; rv:133.0) Gecko/20100101 Firefox/133.0"
64.137.10.119 - - [08/Jun/2026:00:31:55 +0200] "GET /wp-login.php HTTP/2.0" 200 11817 "-" "Mozilla/5.0 (Windows NT 10.0; Win64; x64; rv:133.0) Gecko/20100101 Firefox/133.0"
107.158.92.45 - - [08/Jun/2026:00:31:57 +0200] "GET /wp-login.php HTTP/2.0" 200 11762 "-" "Mozilla/5.0 (Windows NT 10.0; Win64; x64) AppleWebKit/537.36 (KHTML, like Gecko) Chrome/124.0.0.0 Safari/537.36"
130.117.139.62 - - [08/Jun/2026:00:31:59 +0200] "GET /wp-login.php HTTP/2.0" 200 11762 "-" "Mozilla/5.0 (Windows NT 10.0; Win64; x64; rv:133.0) Gecko/20100101 Firefox/133.0"
207.228.200.214 - - [08/Jun/2026:00:32:02 +0200] "GET /wp-login.php HTTP/2.0" 200 11774 "-" "Mozilla/5.0 (Macintosh; Intel Mac OS X 10_15_7) AppleWebKit/605.1.15 (KHTML, like Gecko) Version/18.0 Safari/605.1.15"
204.77.128.48 - - [08/Jun/2026:00:32:07 +0200] "GET /wp-login.php HTTP/2.0" 200 11767 "-" "Mozilla/5.0 (Macintosh; Intel Mac OS X 10_15_7) AppleWebKit/605.1.15 (KHTML, like Gecko) Version/18.0 Safari/605.1.15"
204.77.129.215 - - [08/Jun/2026:00:32:10 +0200] "GET /wp-login.php HTTP/2.0" 200 11848 "-" "Mozilla/5.0 (Windows NT 10.0; Win64; x64) AppleWebKit/537.36 (KHTML, like Gecko) Chrome/124.0.0.0 Safari/537.36"
104.234.48.135 - - [08/Jun/2026:00:32:12 +0200] "GET /wp-login.php HTTP/2.0" 200 11763 "-" "Mozilla/5.0 (Windows NT 10.0; Win64; x64) AppleWebKit/537.36 (KHTML, like Gecko) Chrome/124.0.0.0 Safari/537.36"
206.206.91.247 - - [08/Jun/2026:00:32:17 +0200] "GET /wp-login.php HTTP/2.0" 200 11783 "-" "Mozilla/5.0 (Windows NT 10.0; Win64; x64) AppleWebKit/537.36 (KHTML, like Gecko) Chrome/124.0.0.0 Safari/537.36"
38.101.116.74 - - [08/Jun/2026:00:32:21 +0200] "GET /wp-login.php HTTP/2.0" 200 11831 "-" "Mozilla/5.0 (Windows NT 10.0; Win64; x64; rv:133.0) Gecko/20100101 Firefox/133.0"
66.253.7.250 - - [08/Jun/2026:00:32:25 +0200] "GET /wp-login.php HTTP/2.0" 200 11731 "-" "Mozilla/5.0 (Windows NT 10.0; Win64; x64) AppleWebKit/537.36 (KHTML, like Gecko) Chrome/124.0.0.0 Safari/537.36"
204.77.128.100 - - [08/Jun/2026:00:32:29 +0200] "GET /wp-login.php HTTP/2.0" 200 11762 "-" "Mozilla/5.0 (Windows NT 10.0; Win64; x64) AppleWebKit/537.36 (KHTML, like Gecko) Chrome/124.0.0.0 Safari/537.36"
107.158.93.76 - - [08/Jun/2026:00:32:31 +0200] "GET /wp-login.php HTTP/2.0" 200 11853 "-" "Mozilla/5.0 (Windows NT 10.0; Win64; x64; rv:133.0) Gecko/20100101 Firefox/133.0"
204.77.129.251 - - [08/Jun/2026:00:32:33 +0200] "GET /wp-login.php HTTP/2.0" 200 11782 "-" "Mozilla/5.0 (Windows NT 10.0; Win64; x64) AppleWebKit/537.36 (KHTML, like Gecko) Chrome/124.0.0.0 Safari/537.36"
38.75.196.151 - - [08/Jun/2026:00:32:35 +0200] "GET /wp-login.php HTTP/2.0" 200 11823 "-" "Mozilla/5.0 (Macintosh; Intel Mac OS X 10_15_7) AppleWebKit/605.1.15 (KHTML, like Gecko) Version/18.0 Safari/605.1.15"
77.90.154.97 - - [08/Jun/2026:00:32:36 +0200] "GET /wp-login.php HTTP/2.0" 200 11827 "-" "Mozilla/5.0 (Windows NT 10.0; Win64; x64; rv:133.0) Gecko/20100101 Firefox/133.0"
130.117.139.10 - - [08/Jun/2026:00:32:36 +0200] "GET /wp-login.php HTTP/2.0" 200 11827 "-" "Mozilla/5.0 (Macintosh; Intel Mac OS X 10_15_7) AppleWebKit/605.1.15 (KHTML, like Gecko) Version/18.0 Safari/605.1.15"
75.75.255.134 - - [08/Jun/2026:00:32:39 +0200] "GET /wp-login.php HTTP/2.0" 200 11786 "-" "Mozilla/5.0 (Windows NT 10.0; Win64; x64) AppleWebKit/537.36 (KHTML, like Gecko) Chrome/124.0.0.0 Safari/537.36"
185.230.14.48 - - [08/Jun/2026:00:32:40 +0200] "GET /wp-login.php HTTP/2.0" 200 11847 "-" "Mozilla/5.0 (Windows NT 10.0; Win64; x64) AppleWebKit/537.36 (KHTML, like Gecko) Chrome/124.0.0.0 Safari/537.36"
130.117.139.193 - - [08/Jun/2026:00:32:41 +0200] "GET /wp-login.php HTTP/2.0" 200 11763 "-" "Mozilla/5.0 (Windows NT 10.0; Win64; x64) AppleWebKit/537.36 (KHTML, like Gecko) Chrome/124.0.0.0 Safari/537.36"
94.103.84.74 - - [08/Jun/2026:00:32:42 +0200] "GET /wp-login.php HTTP/2.0" 200 11719 "-" "Mozilla/5.0 (Windows NT 10.0; Win64; x64) AppleWebKit/537.36 (KHTML, like Gecko) Chrome/124.0.0.0 Safari/537.36"
204.77.129.230 - - [08/Jun/2026:00:32:45 +0200] "GET /wp-login.php HTTP/2.0" 200 11798 "-" "Mozilla/5.0 (Macintosh; Intel Mac OS X 10_15_7) AppleWebKit/605.1.15 (KHTML, like Gecko) Version/18.0 Safari/605.1.15"
130.117.139.10 - - [08/Jun/2026:00:32:48 +0200] "GET /wp-login.php HTTP/2.0" 200 11764 "-" "Mozilla/5.0 (Windows NT 10.0; Win64; x64; rv:133.0) Gecko/20100101 Firefox/133.0"
77.90.154.117 - - [08/Jun/2026:00:32:51 +0200] "GET /wp-login.php HTTP/2.0" 200 11791 "-" "Mozilla/5.0 (Windows NT 10.0; Win64; x64) AppleWebKit/537.36 (KHTML, like Gecko) Chrome/124.0.0.0 Safari/537.36"
185.230.14.159 - - [08/Jun/2026:00:32:52 +0200] "GET /wp-login.php HTTP/2.0" 200 11793 "-" "Mozilla/5.0 (Macintosh; Intel Mac OS X 10_15_7) AppleWebKit/605.1.15 (KHTML, like Gecko) Version/18.0 Safari/605.1.15"
185.230.14.112 - - [08/Jun/2026:00:32:55 +0200] "GET /wp-login.php HTTP/2.0" 200 11851 "-" "Mozilla/5.0 (Macintosh; Intel Mac OS X 10_15_7) AppleWebKit/605.1.15 (KHTML, like Gecko) Version/18.0 Safari/605.1.15"
205.164.115.118 - - [08/Jun/2026:00:32:56 +0200] "GET /wp-login.php HTTP/2.0" 200 11832 "-" "Mozilla/5.0 (Macintosh; Intel Mac OS X 10_15_7) AppleWebKit/605.1.15 (KHTML, like Gecko) Version/18.0 Safari/605.1.15"
107.158.92.70 - - [08/Jun/2026:00:32:57 +0200] "GET /wp-login.php HTTP/2.0" 200 11852 "-" "Mozilla/5.0 (Windows NT 10.0; Win64; x64; rv:133.0) Gecko/20100101 Firefox/133.0"
77.90.154.97 - - [08/Jun/2026:00:32:59 +0200] "GET /wp-login.php HTTP/2.0" 200 11807 "-" "Mozilla/5.0 (Windows NT 10.0; Win64; x64; rv:133.0) Gecko/20100101 Firefox/133.0"
154.62.174.124 - - [08/Jun/2026:00:33:02 +0200] "GET /wp-login.php HTTP/2.0" 200 11747 "-" "Mozilla/5.0 (Windows NT 10.0; Win64; x64; rv:133.0) Gecko/20100101 Firefox/133.0"
130.117.139.136 - - [08/Jun/2026:00:33:05 +0200] "GET /wp-login.php HTTP/2.0" 200 11862 "-" "Mozilla/5.0 (Windows NT 10.0; Win64; x64; rv:133.0) Gecko/20100101 Firefox/133.0"
107.158.19.140 - - [08/Jun/2026:00:33:07 +0200] "GET /wp-login.php HTTP/2.0" 200 11792 "-" "Mozilla/5.0 (Macintosh; Intel Mac OS X 10_15_7) AppleWebKit/605.1.15 (KHTML, like Gecko) Version/18.0 Safari/605.1.15"
185.230.14.48 - - [08/Jun/2026:00:33:10 +0200] "GET /wp-login.php HTTP/2.0" 200 11741 "-" "Mozilla/5.0 (Windows NT 10.0; Win64; x64; rv:133.0) Gecko/20100101 Firefox/133.0"
204.77.128.48 - - [08/Jun/2026:00:33:13 +0200] "GET /wp-login.php HTTP/2.0" 200 11822 "-" "Mozilla/5.0 (Windows NT 10.0; Win64; x64) AppleWebKit/537.36 (KHTML, like Gecko) Chrome/124.0.0.0 Safari/537.36"
207.228.200.97 - - [08/Jun/2026:00:33:15 +0200] "GET /wp-login.php HTTP/2.0" 200 11773 "-" "Mozilla/5.0 (Windows NT 10.0; Win64; x64; rv:133.0) Gecko/20100101 Firefox/133.0"
77.90.154.207 - - [08/Jun/2026:00:33:16 +0200] "GET /wp-login.php HTTP/2.0" 200 11752 "-" "Mozilla/5.0 (Windows NT 10.0; Win64; x64; rv:133.0) Gecko/20100101 Firefox/133.0"
38.101.116.74 - - [08/Jun/2026:00:33:18 +0200] "GET /wp-login.php HTTP/2.0" 200 11777 "-" "Mozilla/5.0 (Windows NT 10.0; Win64; x64; rv:133.0) Gecko/20100101 Firefox/133.0"
38.75.196.151 - - [08/Jun/2026:00:33:20 +0200] "GET /wp-login.php HTTP/2.0" 200 11883 "-" "Mozilla/5.0 (Macintosh; Intel Mac OS X 10_15_7) AppleWebKit/605.1.15 (KHTML, like Gecko) Version/18.0 Safari/605.1.15"
107.158.19.197 - - [08/Jun/2026:00:33:22 +0200] "GET /wp-login.php HTTP/2.0" 200 11848 "-" "Mozilla/5.0 (Macintosh; Intel Mac OS X 10_15_7) AppleWebKit/605.1.15 (KHTML, like Gecko) Version/18.0 Safari/605.1.15"
64.137.10.119 - - [08/Jun/2026:00:33:25 +0200] "GET /wp-login.php HTTP/2.0" 200 11763 "-" "Mozilla/5.0 (Windows NT 10.0; Win64; x64) AppleWebKit/537.36 (KHTML, like Gecko) Chrome/124.0.0.0 Safari/537.36"
207.228.202.188 - - [08/Jun/2026:00:33:26 +0200] "GET /wp-login.php HTTP/2.0" 200 11842 "-" "Mozilla/5.0 (Windows NT 10.0; Win64; x64; rv:133.0) Gecko/20100101 Firefox/133.0"
94.103.84.74 - - [08/Jun/2026:00:33:28 +0200] "GET /wp-login.php HTTP/2.0" 200 11808 "-" "Mozilla/5.0 (Macintosh; Intel Mac OS X 10_15_7) AppleWebKit/605.1.15 (KHTML, like Gecko) Version/18.0 Safari/605.1.15"
185.230.14.159 - - [08/Jun/2026:00:33:28 +0200] "GET /wp-login.php HTTP/2.0" 200 11818 "-" "Mozilla/5.0 (Macintosh; Intel Mac OS X 10_15_7) AppleWebKit/605.1.15 (KHTML, like Gecko) Version/18.0 Safari/605.1.15"
104.233.16.21 - - [08/Jun/2026:00:33:31 +0200] "GET /wp-login.php HTTP/2.0" 200 11796 "-" "Mozilla/5.0 (Windows NT 10.0; Win64; x64; rv:133.0) Gecko/20100101 Firefox/133.0"
66.253.7.250 - - [08/Jun/2026:00:33:35 +0200] "GET /wp-login.php HTTP/2.0" 200 11822 "-" "Mozilla/5.0 (Macintosh; Intel Mac OS X 10_15_7) AppleWebKit/605.1.15 (KHTML, like Gecko) Version/18.0 Safari/605.1.15"
77.107.81.29 - - [08/Jun/2026:00:33:36 +0200] "GET /wp-login.php HTTP/2.0" 200 11863 "-" "Mozilla/5.0 (Windows NT 10.0; Win64; x64; rv:133.0) Gecko/20100101 Firefox/133.0"
207.228.201.60 - - [08/Jun/2026:00:33:37 +0200] "GET /wp-login.php HTTP/2.0" 200 11717 "-" "Mozilla/5.0 (Windows NT 10.0; Win64; x64; rv:133.0) Gecko/20100101 Firefox/133.0"
185.230.14.163 - - [08/Jun/2026:00:33:40 +0200] "GET /wp-login.php HTTP/2.0" 200 11878 "-" "Mozilla/5.0 (Windows NT 10.0; Win64; x64; rv:133.0) Gecko/20100101 Firefox/133.0"
77.90.154.207 - - [08/Jun/2026:00:33:42 +0200] "GET /wp-login.php HTTP/2.0" 200 11771 "-" "Mozilla/5.0 (Windows NT 10.0; Win64; x64) AppleWebKit/537.36 (KHTML, like Gecko) Chrome/124.0.0.0 Safari/537.36"
64.137.10.119 - - [08/Jun/2026:00:33:44 +0200] "GET /wp-login.php HTTP/2.0" 200 11771 "-" "Mozilla/5.0 (Macintosh; Intel Mac OS X 10_15_7) AppleWebKit/605.1.15 (KHTML, like Gecko) Version/18.0 Safari/605.1.15"
77.90.154.117 - - [08/Jun/2026:00:33:44 +0200] "GET /wp-login.php HTTP/2.0" 200 11827 "-" "Mozilla/5.0 (Windows NT 10.0; Win64; x64) AppleWebKit/537.36 (KHTML, like Gecko) Chrome/124.0.0.0 Safari/537.36"
207.228.200.214 - - [08/Jun/2026:00:33:46 +0200] "GET /wp-login.php HTTP/2.0" 200 11708 "-" "Mozilla/5.0 (Windows NT 10.0; Win64; x64) AppleWebKit/537.36 (KHTML, like Gecko) Chrome/124.0.0.0 Safari/537.36"
205.164.115.118 - - [08/Jun/2026:00:33:47 +0200] "GET /wp-login.php HTTP/2.0" 200 11817 "-" "Mozilla/5.0 (Macintosh; Intel Mac OS X 10_15_7) AppleWebKit/605.1.15 (KHTML, like Gecko) Version/18.0 Safari/605.1.15"
107.158.19.140 - - [08/Jun/2026:00:33:49 +0200] "GET /wp-login.php HTTP/2.0" 200 11802 "-" "Mozilla/5.0 (Windows NT 10.0; Win64; x64) AppleWebKit/537.36 (KHTML, like Gecko) Chrome/124.0.0.0 Safari/537.36"
207.228.201.42 - - [08/Jun/2026:00:33:52 +0200] "GET /wp-login.php HTTP/2.0" 200 11816 "-" "Mozilla/5.0 (Windows NT 10.0; Win64; x64; rv:133.0) Gecko/20100101 Firefox/133.0"
104.234.48.109 - - [08/Jun/2026:00:33:56 +0200] "GET /wp-login.php HTTP/2.0" 200 11711 "-" "Mozilla/5.0 (Windows NT 10.0; Win64; x64; rv:133.0) Gecko/20100101 Firefox/133.0"
107.158.92.45 - - [08/Jun/2026:00:33:58 +0200] "GET /wp-login.php HTTP/2.0" 200 11761 "-" "Mozilla/5.0 (Windows NT 10.0; Win64; x64) AppleWebKit/537.36 (KHTML, like Gecko) Chrome/124.0.0.0 Safari/537.36"
187.190.105.168 - - [08/Jun/2026:00:33:59 +0200] "GET /assistenza-lavastoviglie-bosch-piacenza/ HTTP/2.0" 200 22014 "-" "Mozilla/5.0 (iPhone; CPU iPhone OS 11_0 like Mac OS X) AppleWebKit/537.36 (KHTML, like Gecko) Chrome/50.0.6393.1373 Mobile Safari/537.36"
187.190.105.168 - - [08/Jun/2026:00:34:00 +0200] "GET /wp-content/uploads/elementor/css/post-16917.css?ver=1780587404 HTTP/2.0" 200 2198 "https://piacenza.elettroservicegroup.it/assistenza-lavastoviglie-bosch-piacenza/" "Mozilla/5.0 (iPhone; CPU iPhone OS 11_0 like Mac OS X) AppleWebKit/537.36 (KHTML, like Gecko) Chrome/50.0.6393.1373 Mobile Safari/537.36"
187.190.105.168 - - [08/Jun/2026:00:34:00 +0200] "GET /wp-content/uploads/2022/01/lavastoviglie2-2-300x200.jpg HTTP/2.0" 206 500 "https://piacenza.elettroservicegroup.it/assistenza-lavastoviglie-bosch-piacenza/" "Mozilla/5.0 (iPhone; CPU iPhone OS 11_0 like Mac OS X) AppleWebKit/537.36 (KHTML, like Gecko) Chrome/50.0.6393.1373 Mobile Safari/537.36"
187.190.105.168 - - [08/Jun/2026:00:34:00 +0200] "GET /wp-content/uploads/2022/01/Bosch-e1641294896834-1024x330-6.png HTTP/2.0" 206 500 "https://piacenza.elettroservicegroup.it/wp-content/uploads/elementor/css/post-16917.css?ver=1780587404" "Mozilla/5.0 (iPhone; CPU iPhone OS 11_0 like Mac OS X) AppleWebKit/537.36 (KHTML, like Gecko) Chrome/50.0.6393.1373 Mobile Safari/537.36"
187.190.105.168 - - [08/Jun/2026:00:34:00 +0200] "GET /wp-content/uploads/2022/01/copertina-Riparazione_Lavastoviglie-1-4-300x200.jpg HTTP/2.0" 206 500 "https://piacenza.elettroservicegroup.it/assistenza-lavastoviglie-bosch-piacenza/" "Mozilla/5.0 (iPhone; CPU iPhone OS 11_0 like Mac OS X) AppleWebKit/537.36 (KHTML, like Gecko) Chrome/50.0.6393.1373 Mobile Safari/537.36"
187.190.105.168 - - [08/Jun/2026:00:34:00 +0200] "GET /wp-content/uploads/2022/01/Bosch-e1641294896834-1024x330-6-768x248.png HTTP/2.0" 206 500 "https://piacenza.elettroservicegroup.it/assistenza-lavastoviglie-bosch-piacenza/" "Mozilla/5.0 (iPhone; CPU iPhone OS 11_0 like Mac OS X) AppleWebKit/537.36 (KHTML, like Gecko) Chrome/50.0.6393.1373 Mobile Safari/537.36"
207.228.202.188 - - [08/Jun/2026:00:34:01 +0200] "GET /wp-login.php HTTP/2.0" 200 11845 "-" "Mozilla/5.0 (Windows NT 10.0; Win64; x64; rv:133.0) Gecko/20100101 Firefox/133.0"
64.137.10.73 - - [08/Jun/2026:00:34:02 +0200] "GET /wp-login.php HTTP/2.0" 200 11892 "-" "Mozilla/5.0 (Windows NT 10.0; Win64; x64; rv:133.0) Gecko/20100101 Firefox/133.0"
65.108.235.243 - - [08/Jun/2026:00:34:03 +0200] "POST /wp-cron.php?doing_wp_cron=1780871643.0206899642944335937500 HTTP/1.1" 200 1 "-" "WordPress/7.0; https://piacenza.elettroservicegroup.it"
187.190.105.168 - - [08/Jun/2026:00:34:00 +0200] "GET /wp-json/complianz/v1/banner?lang=it&locale=it_IT&token=pbmad HTTP/2.0" 200 84 "https://piacenza.elettroservicegroup.it/assistenza-lavastoviglie-bosch-piacenza/" "Mozilla/5.0 (iPhone; CPU iPhone OS 11_0 like Mac OS X) AppleWebKit/537.36 (KHTML, like Gecko) Chrome/50.0.6393.1373 Mobile Safari/537.36"
187.190.105.168 - - [08/Jun/2026:00:34:03 +0200] "GET /wp-json/complianz/v1/cookie_data HTTP/2.0" 200 69 "https://piacenza.elettroservicegroup.it/assistenza-lavastoviglie-bosch-piacenza/" "Mozilla/5.0 (iPhone; CPU iPhone OS 11_0 like Mac OS X) AppleWebKit/537.36 (KHTML, like Gecko) Chrome/50.0.6393.1373 Mobile Safari/537.36"
65.108.235.243 - - [08/Jun/2026:00:34:03 +0200] "GET / HTTP/1.1" 200 21715 "-" "WP Fastest Cache Preload Bot"
104.234.48.242 - - [08/Jun/2026:00:34:04 +0200] "GET /wp-login.php HTTP/2.0" 200 11822 "-" "Mozilla/5.0 (Windows NT 10.0; Win64; x64) AppleWebKit/537.36 (KHTML, like Gecko) Chrome/124.0.0.0 Safari/537.36"
75.75.255.233 - - [08/Jun/2026:00:34:07 +0200] "GET /wp-login.php HTTP/2.0" 200 11838 "-" "Mozilla/5.0 (Windows NT 10.0; Win64; x64; rv:133.0) Gecko/20100101 Firefox/133.0"
94.103.84.74 - - [08/Jun/2026:00:34:08 +0200] "GET /wp-login.php HTTP/2.0" 200 11781 "-" "Mozilla/5.0 (Windows NT 10.0; Win64; x64; rv:133.0) Gecko/20100101 Firefox/133.0"
205.164.115.67 - - [08/Jun/2026:00:34:09 +0200] "GET /wp-login.php HTTP/2.0" 200 11778 "-" "Mozilla/5.0 (Windows NT 10.0; Win64; x64; rv:133.0) Gecko/20100101 Firefox/133.0"
75.75.254.247 - - [08/Jun/2026:00:34:11 +0200] "GET /wp-login.php HTTP/2.0" 200 11792 "-" "Mozilla/5.0 (Windows NT 10.0; Win64; x64) AppleWebKit/537.36 (KHTML, like Gecko) Chrome/124.0.0.0 Safari/537.36"
185.230.14.163 - - [08/Jun/2026:00:34:12 +0200] "GET /wp-login.php HTTP/2.0" 200 11782 "-" "Mozilla/5.0 (Macintosh; Intel Mac OS X 10_15_7) AppleWebKit/605.1.15 (KHTML, like Gecko) Version/18.0 Safari/605.1.15"
206.206.91.247 - - [08/Jun/2026:00:34:14 +0200] "GET /wp-login.php HTTP/2.0" 200 11717 "-" "Mozilla/5.0 (Windows NT 10.0; Win64; x64) AppleWebKit/537.36 (KHTML, like Gecko) Chrome/124.0.0.0 Safari/537.36"
107.158.92.45 - - [08/Jun/2026:00:34:17 +0200] "GET /wp-login.php HTTP/2.0" 200 11806 "-" "Mozilla/5.0 (Macintosh; Intel Mac OS X 10_15_7) AppleWebKit/605.1.15 (KHTML, like Gecko) Version/18.0 Safari/605.1.15"
185.230.14.82 - - [08/Jun/2026:00:34:19 +0200] "GET /wp-login.php HTTP/2.0" 200 11862 "-" "Mozilla/5.0 (Windows NT 10.0; Win64; x64) AppleWebKit/537.36 (KHTML, like Gecko) Chrome/124.0.0.0 Safari/537.36"
38.101.116.74 - - [08/Jun/2026:00:34:22 +0200] "GET /wp-login.php HTTP/2.0" 200 11817 "-" "Mozilla/5.0 (Windows NT 10.0; Win64; x64) AppleWebKit/537.36 (KHTML, like Gecko) Chrome/124.0.0.0 Safari/537.36"
154.62.174.124 - - [08/Jun/2026:00:34:23 +0200] "GET /wp-login.php HTTP/2.0" 200 11812 "-" "Mozilla/5.0 (Windows NT 10.0; Win64; x64) AppleWebKit/537.36 (KHTML, like Gecko) Chrome/124.0.0.0 Safari/537.36"
185.230.14.227 - - [08/Jun/2026:00:34:24 +0200] "GET /wp-login.php HTTP/2.0" 200 11707 "-" "Mozilla/5.0 (Windows NT 10.0; Win64; x64) AppleWebKit/537.36 (KHTML, like Gecko) Chrome/124.0.0.0 Safari/537.36"
107.158.19.26 - - [08/Jun/2026:00:34:26 +0200] "GET /wp-login.php HTTP/2.0" 200 11813 "-" "Mozilla/5.0 (Windows NT 10.0; Win64; x64) AppleWebKit/537.36 (KHTML, like Gecko) Chrome/124.0.0.0 Safari/537.36"
107.158.19.140 - - [08/Jun/2026:00:34:28 +0200] "GET /wp-login.php HTTP/2.0" 200 11853 "-" "Mozilla/5.0 (Macintosh; Intel Mac OS X 10_15_7) AppleWebKit/605.1.15 (KHTML, like Gecko) Version/18.0 Safari/605.1.15"
185.230.14.48 - - [08/Jun/2026:00:34:29 +0200] "GET /wp-login.php HTTP/2.0" 200 11788 "-" "Mozilla/5.0 (Macintosh; Intel Mac OS X 10_15_7) AppleWebKit/605.1.15 (KHTML, like Gecko) Version/18.0 Safari/605.1.15"
207.228.202.18 - - [08/Jun/2026:00:34:31 +0200] "GET /wp-login.php HTTP/2.0" 200 11802 "-" "Mozilla/5.0 (Windows NT 10.0; Win64; x64) AppleWebKit/537.36 (KHTML, like Gecko) Chrome/124.0.0.0 Safari/537.36"
207.228.202.188 - - [08/Jun/2026:00:34:34 +0200] "GET /wp-login.php HTTP/2.0" 200 11797 "-" "Mozilla/5.0 (Windows NT 10.0; Win64; x64; rv:133.0) Gecko/20100101 Firefox/133.0"
77.107.81.29 - - [08/Jun/2026:00:34:35 +0200] "GET /wp-login.php HTTP/2.0" 200 11862 "-" "Mozilla/5.0 (Macintosh; Intel Mac OS X 10_15_7) AppleWebKit/605.1.15 (KHTML, like Gecko) Version/18.0 Safari/605.1.15"
64.137.10.73 - - [08/Jun/2026:00:34:36 +0200] "GET /wp-login.php HTTP/2.0" 200 11796 "-" "Mozilla/5.0 (Macintosh; Intel Mac OS X 10_15_7) AppleWebKit/605.1.15 (KHTML, like Gecko) Version/18.0 Safari/605.1.15"
130.117.139.62 - - [08/Jun/2026:00:34:36 +0200] "GET /wp-login.php HTTP/2.0" 200 11732 "-" "Mozilla/5.0 (Macintosh; Intel Mac OS X 10_15_7) AppleWebKit/605.1.15 (KHTML, like Gecko) Version/18.0 Safari/605.1.15"
205.164.115.118 - - [08/Jun/2026:00:34:37 +0200] "GET /wp-login.php HTTP/2.0" 200 11787 "-" "Mozilla/5.0 (Windows NT 10.0; Win64; x64; rv:133.0) Gecko/20100101 Firefox/133.0"
130.117.139.136 - - [08/Jun/2026:00:34:38 +0200] "GET /wp-login.php HTTP/2.0" 200 11782 "-" "Mozilla/5.0 (Windows NT 10.0; Win64; x64) AppleWebKit/537.36 (KHTML, like Gecko) Chrome/124.0.0.0 Safari/537.36"
107.158.92.70 - - [08/Jun/2026:00:34:40 +0200] "GET /wp-login.php HTTP/2.0" 200 11720 "-" "Mozilla/5.0 (Windows NT 10.0; Win64; x64) AppleWebKit/537.36 (KHTML, like Gecko) Chrome/124.0.0.0 Safari/537.36"
94.103.84.74 - - [08/Jun/2026:00:34:41 +0200] "GET /wp-login.php HTTP/2.0" 200 11690 "-" "Mozilla/5.0 (Windows NT 10.0; Win64; x64) AppleWebKit/537.36 (KHTML, like Gecko) Chrome/124.0.0.0 Safari/537.36"
207.228.200.97 - - [08/Jun/2026:00:34:43 +0200] "GET /wp-login.php HTTP/2.0" 200 11807 "-" "Mozilla/5.0 (Windows NT 10.0; Win64; x64; rv:133.0) Gecko/20100101 Firefox/133.0"
64.137.10.119 - - [08/Jun/2026:00:34:44 +0200] "GET /wp-login.php HTTP/2.0" 200 11750 "-" "Mozilla/5.0 (Macintosh; Intel Mac OS X 10_15_7) AppleWebKit/605.1.15 (KHTML, like Gecko) Version/18.0 Safari/605.1.15"
38.101.116.74 - - [08/Jun/2026:00:34:47 +0200] "GET /wp-login.php HTTP/2.0" 200 11847 "-" "Mozilla/5.0 (Windows NT 10.0; Win64; x64) AppleWebKit/537.36 (KHTML, like Gecko) Chrome/124.0.0.0 Safari/537.36"
77.90.154.117 - - [08/Jun/2026:00:34:49 +0200] "GET /wp-login.php HTTP/2.0" 200 11818 "-" "Mozilla/5.0 (Windows NT 10.0; Win64; x64; rv:133.0) Gecko/20100101 Firefox/133.0"
206.206.91.247 - - [08/Jun/2026:00:34:53 +0200] "GET /wp-login.php HTTP/2.0" 200 11812 "-" "Mozilla/5.0 (Windows NT 10.0; Win64; x64) AppleWebKit/537.36 (KHTML, like Gecko) Chrome/124.0.0.0 Safari/537.36"
107.158.19.26 - - [08/Jun/2026:00:34:56 +0200] "GET /wp-login.php HTTP/2.0" 200 11777 "-" "Mozilla/5.0 (Windows NT 10.0; Win64; x64) AppleWebKit/537.36 (KHTML, like Gecko) Chrome/124.0.0.0 Safari/537.36"
107.158.92.23 - - [08/Jun/2026:00:34:58 +0200] "GET /wp-login.php HTTP/2.0" 200 11752 "-" "Mozilla/5.0 (Macintosh; Intel Mac OS X 10_15_7) AppleWebKit/605.1.15 (KHTML, like Gecko) Version/18.0 Safari/605.1.15"
104.234.48.242 - - [08/Jun/2026:00:35:02 +0200] "GET /wp-login.php HTTP/2.0" 200 11737 "-" "Mozilla/5.0 (Windows NT 10.0; Win64; x64) AppleWebKit/537.36 (KHTML, like Gecko) Chrome/124.0.0.0 Safari/537.36"
204.77.129.230 - - [08/Jun/2026:00:35:04 +0200] "GET /wp-login.php HTTP/2.0" 200 11786 "-" "Mozilla/5.0 (Windows NT 10.0; Win64; x64; rv:133.0) Gecko/20100101 Firefox/133.0"
207.228.201.42 - - [08/Jun/2026:00:35:07 +0200] "GET /wp-login.php HTTP/2.0" 200 11822 "-" "Mozilla/5.0 (Windows NT 10.0; Win64; x64) AppleWebKit/537.36 (KHTML, like Gecko) Chrome/124.0.0.0 Safari/537.36"
207.228.202.188 - - [08/Jun/2026:00:35:10 +0200] "GET /wp-login.php HTTP/2.0" 200 11757 "-" "Mozilla/5.0 (Macintosh; Intel Mac OS X 10_15_7) AppleWebKit/605.1.15 (KHTML, like Gecko) Version/18.0 Safari/605.1.15"
64.137.10.73 - - [08/Jun/2026:00:35:14 +0200] "GET /wp-login.php HTTP/2.0" 200 11828 "-" "Mozilla/5.0 (Windows NT 10.0; Win64; x64; rv:133.0) Gecko/20100101 Firefox/133.0"
205.164.115.118 - - [08/Jun/2026:00:35:16 +0200] "GET /wp-login.php HTTP/2.0" 200 11863 "-" "Mozilla/5.0 (Windows NT 10.0; Win64; x64; rv:133.0) Gecko/20100101 Firefox/133.0"
154.62.174.124 - - [08/Jun/2026:00:35:18 +0200] "GET /wp-login.php HTTP/2.0" 200 11787 "-" "Mozilla/5.0 (Windows NT 10.0; Win64; x64; rv:133.0) Gecko/20100101 Firefox/133.0"
104.233.16.21 - - [08/Jun/2026:00:35:19 +0200] "GET /wp-login.php HTTP/2.0" 200 11832 "-" "Mozilla/5.0 (Windows NT 10.0; Win64; x64) AppleWebKit/537.36 (KHTML, like Gecko) Chrome/124.0.0.0 Safari/537.36"
204.77.128.48 - - [08/Jun/2026:00:35:21 +0200] "GET /wp-login.php HTTP/2.0" 200 11873 "-" "Mozilla/5.0 (Macintosh; Intel Mac OS X 10_15_7) AppleWebKit/605.1.15 (KHTML, like Gecko) Version/18.0 Safari/605.1.15"
107.158.19.140 - - [08/Jun/2026:00:35:22 +0200] "GET /wp-login.php HTTP/2.0" 200 11807 "-" "Mozilla/5.0 (Windows NT 10.0; Win64; x64; rv:133.0) Gecko/20100101 Firefox/133.0"
185.230.14.112 - - [08/Jun/2026:00:35:23 +0200] "GET /wp-login.php HTTP/2.0" 200 11807 "-" "Mozilla/5.0 (Macintosh; Intel Mac OS X 10_15_7) AppleWebKit/605.1.15 (KHTML, like Gecko) Version/18.0 Safari/605.1.15"
77.107.81.29 - - [08/Jun/2026:00:35:24 +0200] "GET /wp-login.php HTTP/2.0" 200 11779 "-" "Mozilla/5.0 (Macintosh; Intel Mac OS X 10_15_7) AppleWebKit/605.1.15 (KHTML, like Gecko) Version/18.0 Safari/605.1.15"
94.103.84.74 - - [08/Jun/2026:00:35:25 +0200] "GET /wp-login.php HTTP/2.0" 200 11732 "-" "Mozilla/5.0 (Macintosh; Intel Mac OS X 10_15_7) AppleWebKit/605.1.15 (KHTML, like Gecko) Version/18.0 Safari/605.1.15"
185.230.14.112 - - [08/Jun/2026:00:35:27 +0200] "GET /wp-login.php HTTP/2.0" 200 11751 "-" "Mozilla/5.0 (Windows NT 10.0; Win64; x64) AppleWebKit/537.36 (KHTML, like Gecko) Chrome/124.0.0.0 Safari/537.36"
38.75.196.151 - - [08/Jun/2026:00:35:29 +0200] "GET /wp-login.php HTTP/2.0" 200 11863 "-" "Mozilla/5.0 (Macintosh; Intel Mac OS X 10_15_7) AppleWebKit/605.1.15 (KHTML, like Gecko) Version/18.0 Safari/605.1.15"
204.77.129.251 - - [08/Jun/2026:00:35:32 +0200] "GET /wp-login.php HTTP/2.0" 200 11852 "-" "Mozilla/5.0 (Windows NT 10.0; Win64; x64; rv:133.0) Gecko/20100101 Firefox/133.0"
207.228.200.97 - - [08/Jun/2026:00:35:35 +0200] "GET /wp-login.php HTTP/2.0" 200 11741 "-" "Mozilla/5.0 (Windows NT 10.0; Win64; x64; rv:133.0) Gecko/20100101 Firefox/133.0"
75.75.255.233 - - [08/Jun/2026:00:35:37 +0200] "GET /wp-login.php HTTP/2.0" 200 11782 "-" "Mozilla/5.0 (Windows NT 10.0; Win64; x64; rv:133.0) Gecko/20100101 Firefox/133.0"
38.101.116.74 - - [08/Jun/2026:00:35:39 +0200] "GET /wp-login.php HTTP/2.0" 200 11758 "-" "Mozilla/5.0 (Windows NT 10.0; Win64; x64) AppleWebKit/537.36 (KHTML, like Gecko) Chrome/124.0.0.0 Safari/537.36"
206.206.91.192 - - [08/Jun/2026:00:35:42 +0200] "GET /wp-login.php HTTP/2.0" 200 11801 "-" "Mozilla/5.0 (Macintosh; Intel Mac OS X 10_15_7) AppleWebKit/605.1.15 (KHTML, like Gecko) Version/18.0 Safari/605.1.15"
104.234.48.109 - - [08/Jun/2026:00:35:46 +0200] "GET /wp-login.php HTTP/2.0" 200 11842 "-" "Mozilla/5.0 (Macintosh; Intel Mac OS X 10_15_7) AppleWebKit/605.1.15 (KHTML, like Gecko) Version/18.0 Safari/605.1.15"
86.53.89.18 - - [08/Jun/2026:00:35:48 +0200] "GET /wp-login.php HTTP/2.0" 200 11847 "-" "Mozilla/5.0 (Windows NT 10.0; Win64; x64; rv:133.0) Gecko/20100101 Firefox/133.0"
130.117.139.193 - - [08/Jun/2026:00:35:49 +0200] "GET /wp-login.php HTTP/2.0" 200 11795 "-" "Mozilla/5.0 (Windows NT 10.0; Win64; x64) AppleWebKit/537.36 (KHTML, like Gecko) Chrome/124.0.0.0 Safari/537.36"
207.228.203.76 - - [08/Jun/2026:00:35:51 +0200] "GET /wp-login.php HTTP/2.0" 200 11923 "-" "Mozilla/5.0 (Macintosh; Intel Mac OS X 10_15_7) AppleWebKit/605.1.15 (KHTML, like Gecko) Version/18.0 Safari/605.1.15"
204.77.129.230 - - [08/Jun/2026:00:35:52 +0200] "GET /wp-login.php HTTP/2.0" 200 11826 "-" "Mozilla/5.0 (Windows NT 10.0; Win64; x64; rv:133.0) Gecko/20100101 Firefox/133.0"
206.206.91.247 - - [08/Jun/2026:00:35:54 +0200] "GET /wp-login.php HTTP/2.0" 200 11853 "-" "Mozilla/5.0 (Windows NT 10.0; Win64; x64) AppleWebKit/537.36 (KHTML, like Gecko) Chrome/124.0.0.0 Safari/537.36"
107.158.93.76 - - [08/Jun/2026:00:35:56 +0200] "GET /wp-login.php HTTP/2.0" 200 11747 "-" "Mozilla/5.0 (Windows NT 10.0; Win64; x64; rv:133.0) Gecko/20100101 Firefox/133.0"
207.228.202.188 - - [08/Jun/2026:00:35:58 +0200] "GET /wp-login.php HTTP/2.0" 200 11732 "-" "Mozilla/5.0 (Windows NT 10.0; Win64; x64; rv:133.0) Gecko/20100101 Firefox/133.0"
204.77.129.215 - - [08/Jun/2026:00:36:01 +0200] "GET /wp-login.php HTTP/2.0" 200 11807 "-" "Mozilla/5.0 (Windows NT 10.0; Win64; x64) AppleWebKit/537.36 (KHTML, like Gecko) Chrome/124.0.0.0 Safari/537.36"
104.234.48.242 - - [08/Jun/2026:00:36:05 +0200] "GET /wp-login.php HTTP/2.0" 200 11726 "-" "Mozilla/5.0 (Windows NT 10.0; Win64; x64; rv:133.0) Gecko/20100101 Firefox/133.0"
104.233.16.21 - - [08/Jun/2026:00:36:06 +0200] "GET /wp-login.php HTTP/2.0" 200 11833 "-" "Mozilla/5.0 (Windows NT 10.0; Win64; x64) AppleWebKit/537.36 (KHTML, like Gecko) Chrome/124.0.0.0 Safari/537.36"
75.75.255.134 - - [08/Jun/2026:00:36:09 +0200] "GET /wp-login.php HTTP/2.0" 200 11817 "-" "Mozilla/5.0 (Windows NT 10.0; Win64; x64) AppleWebKit/537.36 (KHTML, like Gecko) Chrome/124.0.0.0 Safari/537.36"
94.103.84.74 - - [08/Jun/2026:00:36:18 +0200] "GET /wp-login.php HTTP/2.0" 200 11752 "-" "Mozilla/5.0 (Windows NT 10.0; Win64; x64) AppleWebKit/537.36 (KHTML, like Gecko) Chrome/124.0.0.0 Safari/537.36"
77.107.81.29 - - [08/Jun/2026:00:36:19 +0200] "GET /wp-login.php HTTP/2.0" 200 11827 "-" "Mozilla/5.0 (Windows NT 10.0; Win64; x64; rv:133.0) Gecko/20100101 Firefox/133.0"
207.228.202.18 - - [08/Jun/2026:00:36:20 +0200] "GET /wp-login.php HTTP/2.0" 200 11808 "-" "Mozilla/5.0 (Windows NT 10.0; Win64; x64) AppleWebKit/537.36 (KHTML, like Gecko) Chrome/124.0.0.0 Safari/537.36"
130.117.139.136 - - [08/Jun/2026:00:36:22 +0200] "GET /wp-login.php HTTP/2.0" 200 11828 "-" "Mozilla/5.0 (Windows NT 10.0; Win64; x64) AppleWebKit/537.36 (KHTML, like Gecko) Chrome/124.0.0.0 Safari/537.36"
75.75.255.233 - - [08/Jun/2026:00:36:24 +0200] "GET /wp-login.php HTTP/2.0" 200 11723 "-" "Mozilla/5.0 (Macintosh; Intel Mac OS X 10_15_7) AppleWebKit/605.1.15 (KHTML, like Gecko) Version/18.0 Safari/605.1.15"
75.75.255.134 - - [08/Jun/2026:00:36:26 +0200] "GET /wp-login.php HTTP/2.0" 200 11783 "-" "Mozilla/5.0 (Macintosh; Intel Mac OS X 10_15_7) AppleWebKit/605.1.15 (KHTML, like Gecko) Version/18.0 Safari/605.1.15"
185.230.14.163 - - [08/Jun/2026:00:36:27 +0200] "GET /wp-login.php HTTP/2.0" 200 11888 "-" "Mozilla/5.0 (Windows NT 10.0; Win64; x64) AppleWebKit/537.36 (KHTML, like Gecko) Chrome/124.0.0.0 Safari/537.36"
107.158.19.26 - - [08/Jun/2026:00:36:28 +0200] "GET /wp-login.php HTTP/2.0" 200 11808 "-" "Mozilla/5.0 (Windows NT 10.0; Win64; x64; rv:133.0) Gecko/20100101 Firefox/133.0"
161.123.5.72 - - [08/Jun/2026:00:36:31 +0200] "GET /wp-login.php HTTP/2.0" 200 11801 "-" "Mozilla/5.0 (Windows NT 10.0; Win64; x64) AppleWebKit/537.36 (KHTML, like Gecko) Chrome/124.0.0.0 Safari/537.36"
38.101.116.74 - - [08/Jun/2026:00:36:32 +0200] "GET /wp-login.php HTTP/2.0" 200 11888 "-" "Mozilla/5.0 (Windows NT 10.0; Win64; x64; rv:133.0) Gecko/20100101 Firefox/133.0"
75.75.254.247 - - [08/Jun/2026:00:36:36 +0200] "GET /wp-login.php HTTP/2.0" 200 11783 "-" "Mozilla/5.0 (Windows NT 10.0; Win64; x64; rv:133.0) Gecko/20100101 Firefox/133.0"
107.158.92.70 - - [08/Jun/2026:00:36:39 +0200] "GET /wp-login.php HTTP/2.0" 200 11762 "-" "Mozilla/5.0 (Windows NT 10.0; Win64; x64; rv:133.0) Gecko/20100101 Firefox/133.0"
77.90.154.97 - - [08/Jun/2026:00:36:41 +0200] "GET /wp-login.php HTTP/2.0" 200 11768 "-" "Mozilla/5.0 (Windows NT 10.0; Win64; x64; rv:133.0) Gecko/20100101 Firefox/133.0"
205.164.115.118 - - [08/Jun/2026:00:36:43 +0200] "GET /wp-login.php HTTP/2.0" 200 11821 "-" "Mozilla/5.0 (Macintosh; Intel Mac OS X 10_15_7) AppleWebKit/605.1.15 (KHTML, like Gecko) Version/18.0 Safari/605.1.15"
77.90.154.207 - - [08/Jun/2026:00:36:44 +0200] "GET /wp-login.php HTTP/2.0" 200 11863 "-" "Mozilla/5.0 (Windows NT 10.0; Win64; x64; rv:133.0) Gecko/20100101 Firefox/133.0"
107.158.93.76 - - [08/Jun/2026:00:36:47 +0200] "GET /wp-login.php HTTP/2.0" 200 11761 "-" "Mozilla/5.0 (Macintosh; Intel Mac OS X 10_15_7) AppleWebKit/605.1.15 (KHTML, like Gecko) Version/18.0 Safari/605.1.15"
185.230.14.82 - - [08/Jun/2026:00:36:49 +0200] "GET /wp-login.php HTTP/2.0" 200 11796 "-" "Mozilla/5.0 (Windows NT 10.0; Win64; x64; rv:133.0) Gecko/20100101 Firefox/133.0"
130.117.139.193 - - [08/Jun/2026:00:36:50 +0200] "GET /wp-login.php HTTP/2.0" 200 11768 "-" "Mozilla/5.0 (Macintosh; Intel Mac OS X 10_15_7) AppleWebKit/605.1.15 (KHTML, like Gecko) Version/18.0 Safari/605.1.15"
130.117.139.146 - - [08/Jun/2026:00:36:51 +0200] "GET /wp-login.php HTTP/2.0" 200 11793 "-" "Mozilla/5.0 (Macintosh; Intel Mac OS X 10_15_7) AppleWebKit/605.1.15 (KHTML, like Gecko) Version/18.0 Safari/605.1.15"
130.117.139.62 - - [08/Jun/2026:00:36:52 +0200] "GET /wp-login.php HTTP/2.0" 200 11798 "-" "Mozilla/5.0 (Windows NT 10.0; Win64; x64; rv:133.0) Gecko/20100101 Firefox/133.0"
94.103.84.74 - - [08/Jun/2026:00:36:53 +0200] "GET /wp-login.php HTTP/2.0" 200 11807 "-" "Mozilla/5.0 (Windows NT 10.0; Win64; x64) AppleWebKit/537.36 (KHTML, like Gecko) Chrome/124.0.0.0 Safari/537.36"
130.117.139.10 - - [08/Jun/2026:00:36:53 +0200] "GET /wp-login.php HTTP/2.0" 200 11813 "-" "Mozilla/5.0 (Windows NT 10.0; Win64; x64; rv:133.0) Gecko/20100101 Firefox/133.0"
185.230.14.48 - - [08/Jun/2026:00:36:54 +0200] "GET /wp-login.php HTTP/2.0" 200 11808 "-" "Mozilla/5.0 (Macintosh; Intel Mac OS X 10_15_7) AppleWebKit/605.1.15 (KHTML, like Gecko) Version/18.0 Safari/605.1.15"
77.90.154.117 - - [08/Jun/2026:00:36:55 +0200] "GET /wp-login.php HTTP/2.0" 200 11857 "-" "Mozilla/5.0 (Windows NT 10.0; Win64; x64; rv:133.0) Gecko/20100101 Firefox/133.0"
207.228.200.97 - - [08/Jun/2026:00:36:57 +0200] "GET /wp-login.php HTTP/2.0" 200 11797 "-" "Mozilla/5.0 (Windows NT 10.0; Win64; x64; rv:133.0) Gecko/20100101 Firefox/133.0"
185.230.14.208 - - [08/Jun/2026:00:36:58 +0200] "GET /wp-login.php HTTP/2.0" 200 11752 "-" "Mozilla/5.0 (Windows NT 10.0; Win64; x64; rv:133.0) Gecko/20100101 Firefox/133.0"
75.75.255.134 - - [08/Jun/2026:00:36:59 +0200] "GET /wp-login.php HTTP/2.0" 200 11838 "-" "Mozilla/5.0 (Macintosh; Intel Mac OS X 10_15_7) AppleWebKit/605.1.15 (KHTML, like Gecko) Version/18.0 Safari/605.1.15"
204.77.128.48 - - [08/Jun/2026:00:37:01 +0200] "GET /wp-login.php HTTP/2.0" 200 11827 "-" "Mozilla/5.0 (Windows NT 10.0; Win64; x64) AppleWebKit/537.36 (KHTML, like Gecko) Chrome/124.0.0.0 Safari/537.36"
130.117.139.62 - - [08/Jun/2026:00:37:04 +0200] "GET /wp-login.php HTTP/2.0" 200 11825 "-" "Mozilla/5.0 (Windows NT 10.0; Win64; x64; rv:133.0) Gecko/20100101 Firefox/133.0"
38.101.116.74 - - [08/Jun/2026:00:37:08 +0200] "GET /wp-login.php HTTP/2.0" 200 11762 "-" "Mozilla/5.0 (Windows NT 10.0; Win64; x64) AppleWebKit/537.36 (KHTML, like Gecko) Chrome/124.0.0.0 Safari/537.36"
77.90.154.97 - - [08/Jun/2026:00:37:09 +0200] "GET /wp-login.php HTTP/2.0" 200 11748 "-" "Mozilla/5.0 (Windows NT 10.0; Win64; x64) AppleWebKit/537.36 (KHTML, like Gecko) Chrome/124.0.0.0 Safari/537.36"
185.230.14.82 - - [08/Jun/2026:00:37:10 +0200] "GET /wp-login.php HTTP/2.0" 200 11800 "-" "Mozilla/5.0 (Windows NT 10.0; Win64; x64; rv:133.0) Gecko/20100101 Firefox/133.0"
185.230.14.227 - - [08/Jun/2026:00:37:10 +0200] "GET /wp-login.php HTTP/2.0" 200 11765 "-" "Mozilla/5.0 (Macintosh; Intel Mac OS X 10_15_7) AppleWebKit/605.1.15 (KHTML, like Gecko) Version/18.0 Safari/605.1.15"
66.253.7.250 - - [08/Jun/2026:00:37:12 +0200] "GET /wp-login.php HTTP/2.0" 200 11792 "-" "Mozilla/5.0 (Windows NT 10.0; Win64; x64) AppleWebKit/537.36 (KHTML, like Gecko) Chrome/124.0.0.0 Safari/537.36"
